{"id":320,"date":"2017-03-23T07:54:21","date_gmt":"2017-03-23T07:54:21","guid":{"rendered":"http:\/\/olamendi.creactivate.es\/?page_id=320"},"modified":"2022-02-16T12:00:01","modified_gmt":"2022-02-16T12:00:01","slug":"puertas-especiales","status":"publish","type":"page","link":"https:\/\/www.puertasolamendi.com\/fr\/puertas-especiales\/","title":{"rendered":"Portes sur mesure"},"content":{"rendered":"<p>Chez Olamendi, nous sommes sp\u00e9cialistes dans la fabrication de tous types de projet de portes sur mesure s\u2019adaptant \u00e0 vos souhaits o\u00f9 votre imagination met les limites \u00e0 la couleur, aux mesures ou au format dont vous avez besoin pour compl\u00e9ter votre d\u00e9coration. <\/p>","protected":false},"excerpt":{"rendered":"<p>Chez Olamendi, nous sommes sp\u00e9cialistes dans la fabrication de tous types de projet de portes sur mesure s\u2019adaptant [&hellip;]<\/p>\n","protected":false},"author":6,"featured_media":1074,"parent":0,"menu_order":0,"comment_status":"closed","ping_status":"closed","template":"","meta":[],"acf":[],"_links":{"self":[{"href":"https:\/\/www.puertasolamendi.com\/fr\/wp-json\/wp\/v2\/pages\/320"}],"collection":[{"href":"https:\/\/www.puertasolamendi.com\/fr\/wp-json\/wp\/v2\/pages"}],"about":[{"href":"https:\/\/www.puertasolamendi.com\/fr\/wp-json\/wp\/v2\/types\/page"}],"author":[{"embeddable":true,"href":"https:\/\/www.puertasolamendi.com\/fr\/wp-json\/wp\/v2\/users\/6"}],"replies":[{"embeddable":true,"href":"https:\/\/www.puertasolamendi.com\/fr\/wp-json\/wp\/v2\/comments?post=320"}],"version-history":[{"count":0,"href":"https:\/\/www.puertasolamendi.com\/fr\/wp-json\/wp\/v2\/pages\/320\/revisions"}],"wp:featuredmedia":[{"embeddable":true,"href":"https:\/\/www.puertasolamendi.com\/fr\/wp-json\/wp\/v2\/media\/1074"}],"wp:attachment":[{"href":"https:\/\/www.puertasolamendi.com\/fr\/wp-json\/wp\/v2\/media?parent=320"}],"curies":[{"name":"wp","href":"https:\/\/api.w.org\/{rel}","templated":true}]}}

<p>Chez Olamendi, nous sommes spécialistes dans la fabrication de tous types de projet de portes sur mesure s’adaptant à vos souhaits où votre imagination met les limites à la couleur, aux mesures ou au format dont vous avez besoin pour compléter votre décoration. </p>

<p>Chez Olamendi, nous sommes spécialistes dans la fabrication de tous types de projet de portes sur mesure s’adaptant [&hellip;]</p>
